hen 109849 is divided by 338?
337
Calculate the remainder when 24945 is divided by 8297.
54
Calculate the remainder when 2905 is divided by 950.
55
Calculate the remainder when 28972 is divided by 25.
22
What is the remainder when 170881 is divided by 2136?
1
Calculate the remainder when 2382 is divided by 126.
114
Calculate the remainder when 2196 is divided by 1087.
22
Calculate the remainder when 5608 is divided by 1787.
247
Calculate the remainder when 805408 is divided by 803.
802
What is the remainder when 94573 is divided by 257?
254
What is the remainder when 2769 is divided by 18?
15
Calculate the remainder when 9369 is divided by 657.
171
What is the remainder when 66254 is divided by 46?
14
What is the remainder when 5547 is divided by 1300?
347
Calculate the remainder when 40323 is divided by 4032.
3
What is the remainder when 298268 is divided by 162?
26
Calculate the remainder when 93898 is divided by 1646.
76
Calculate the remainder when 19650 is divided by 42.
36
What is the remainder when 2227 is divided by 71?
26
What is the remainder when 17369 is divided by 45?
44
What is the remainder when 6709 is divided by 1770?
1399
What is the remainder when 6238 is divided by 87?
61
Calculate the remainder when 7111 is divided by 2356.
43
What is the remainder when 104438 is divided by 1832?
14
What is the remainder when 3515 is divided by 881?
872
Calculate the remainder when 8881 is divided by 1278.
1213
What is the remainder when 39490 is divided by 183?
145
Calculate the remainder when 5234 is divided by 5232.
2
Calculate the remainder when 19253 is divided by 328.
229
Calculate the remainder when 14426 is divided by 728.
594
What is the remainder when 65867 is divided by 700?
67
What is the remainder when 15513 is divided by 254?
19
What is the remainder when 19255 is divided by 662?
57
What is the remainder when 5413 is divided by 1073?
48
What is the remainder when 105638 is divided by 40?
38
Calculate the remainder when 3429 is divided by 3417.
12
Calculate the remainder when 1879 is divided by 85.
9
Calculate the remainder when 530695 is divided by 67.
55
What is the remainder when 39618 is divided by 14?
12
What is the remainder when 1109 is divided by 496?
117
Calculate the remainder when 1983 is divided by 641.
60
What is the remainder when 116533 is divided by 2241?
1
Calculate the remainder when 56559 is divided by 18822.
93
Calculate the remainder when 2723 is divided by 38.
25
What is the remainder when 1565 is divided by 112?
109
Calculate the remainder when 1925 is divided by 146.
27
Calculate the remainder when 52711 is divided by 83.
6
What is the remainder when 466924 is divided by 177?
175
What is the remainder when 1049091 is divided by 18?
15
What is the remainder when 149157 is divided by 120?
117
Calculate the remainder when 93513 is divided by 18700.
13
What is the remainder when 353058 is divided by 278?
276
Calculate the remainder when 97783 is divided by 26.
23
What is the remainder when 1428 is divided by 11?
9
Calculate the remainder when 3227 is divided by 983.
278
What is the remainder when 2449 is divided by 189?
181
What is the remainder when 60567 is divided by 20186?
9
Calculate the remainder when 519303 is divided by 173100.
3
What is the remainder when 360 is divided by 19?
18
What is the remainder when 77426 is divided by 25806?
8
Calculate the remainder when 6100 is divided by 53.
5
What is the remainder when 2973 is divided by 1240?
493
What is the remainder when 9263 is divided by 385?
23
Calculate the remainder when 45828 is divided by 22799.
230
Calculate the remainder when 2350796 is divided by 60.
56
Calculate the remainder when 5182 is divided by 120.
22
Calculate the remainder when 1593 is divided by 100.
93
What is the remainder when 109278 is divided by 89?
75
What is the remainder when 122328 is divided by 212?
4
What is the remainder when 111348 is divided by 139?
9
Calculate the remainder when 81481 is divided by 157.
155
Calculate the remainder when 182960 is divided by 193.
189
What is the remainder when 43688 is divided by 60?
8
What is the remainder when 102849 is divided by 12?
9
Calculate the remainder when 1057139 is divided by 8.
3
What is the remainder when 3107 is divided by 1011?
74
Calculate the remainder when 128046 is divided by 128012.
34
Calculate the remainder when 108340 is divided by 138.
10
What is the remainder when 4901 is divided by 347?
43
What is the remainder when 517971 is divided by 1308?
3
Calculate the remainder when 2249 is divided by 457.
421
What is the remainder when 5274 is divided by 251?
3
What is the remainder when 289314 is divided by 25?
14
What is the remainder when 4413 is divided by 1463?
24
What is the remainder when 1507572 is divided by 409?
407
Calculate the remainder when 97677 is divided by 14.
13
What is the remainder when 1756 is divided by 20?
16
Calculate the remainder when 5672 is divided by 65.
17
Calculate the remainder when 3776 is divided by 3728.
48
What is the remainder when 195603 is divided by 59?
18
What is the remainder when 7222 is divided by 77?
61
What is the remainder when 91485 is divided by 18288?
45
Calculate the remainder when 22071 is divided by 760.
31
Calculate the remainder when 24433 is divided by 27.
25
Calculate the remainder when 2415 is divided by 188.
159
Calculate the remainder when 4966 is divided by 618.
22
What is the remainder when 42721 is divided by 8486?
291
Calculate the remainder when 5922 is divided by 2.
0
Calculate the remainder when 7608 is divided by 632.
24
Calculate the remainder when 30147 is divided by 28.
19
What is the remainder when 958655 is divided by 96?
95
Calculate the remainder when 73280 is divided by 36639.
2
What is the remainder when 1664 is divided by 533?
65
Calculate the remainder when 45628 is divided by 162.
106
What is the remainder when 481 is divided by 121?
118
Calculate the remainder when 70114 is divided by 1669.
16
Calculate the remainder when 7256 is divided by 70.
46
Calculate the remainder when 62873 is divided by 15701.
69
What is the remainder when 2967282 is divided by 244?
242
Calculate the remainder when 34842 is divided by 19.
15
What is the remainder when 41807 is divided by 231?
227
Calculate the remainder when 4797 is divided by 959.
2
What is the remainder when 4590845 is divided by 299?
298
What is the remainder when 6621 is divided by 664?
645
What is the remainder when 27448 is divided by 25?
23
Calculate the remainder when 93718 is divided by 31.
5
What is the remainder when 7796 is divided by 2589?
29
What is the remainder when 315 is divided by 182?
133
What is the remainder when 5347 is divided by 5344?
3
Calculate the remainder when 518 is divided by 264.
254
What is the remainder when 34219 is divided by 21?
10
Calculate the remainder when 3592 is divided by 12.
4
What is the remainder when 525443 is divided by 35?
23
Calculate the remainder when 52026 is divided by 5779.
15
Calculate the remainder when 16352 is divided by 207.
206
What is the remainder when 628 is divided by 82?
54
Calculate the remainder when 11305 is divided by 78.
73
Calculate the remainder when 657049 is divided by 93861.
22
What is the remainder when 64061 is divided by 32?
29
Calculate the remainder when 10849 is divided by 22.
3
What is the remainder when 88084 is divided by 29361?
1
What is the remainder when 20941 is divided by 176?
173
What is the remainder when 64299 is divided by 407?
400
Calculate the remainder when 1926 is divided by 39.
15
Calculate the remainder when 6725 is divided by 177.
176
Calculate the remainder when 15018 is divided by 752.
730
Calculate the remainder when 4722 is divided by 147.
18
What is the remainder when 18887 is divided by 278?
261
What is the remainder when 816681 is divided by 538?
535
What is the remainder when 79431 is divided by 1204?
1171
What is the remainder when 4476 is divided by 758?
686
What is the remainder when 9458 is divided by 395?
373
What is the remainder when 18986 is divided by 125?
111
Calculate the remainder when 3740 is divided by 1681.
378
What is the remainder when 3566 is divided by 312?
134
Calculate the remainder when 36550 is divided by 36538.
12
What is the remainder when 1318 is divided